 of 9?
9
What is the thousands digit of 6686?
6
What is the ten thousands digit of 11211?
1
What is the ten thousands digit of 10678?
1
What is the ten thousands digit of 13237?
1
What is the units digit of 9594?
4
What is the thousands digit of 83478?
3
What is the thousands digit of 15654?
5
What is the tens digit of 10045?
4
What is the thousands digit of 6750?
6
What is the ten thousands digit of 21922?
2
What is the units digit of 300?
0
What is the thousands digit of 4885?
4
What is the tens digit of 3789?
8
What is the thousands digit of 27502?
7
What is the hundreds digit of 25200?
2
What is the hundreds digit of 9013?
0
What is the units digit of 224?
4
What is the hundreds digit of 14340?
3
What is the tens digit of 1326?
2
What is the units digit of 1904?
4
What is the units digit of 6194?
4
What is the units digit of 2075?
5
What is the tens digit of 38523?
2
What is the tens digit of 125827?
2
What is the hundreds digit of 159653?
6
What is the hundreds digit of 736?
7
What is the hundreds digit of 169?
1
What is the hundreds digit of 64151?
1
What is the thousands digit of 1566?
1
What is the tens digit of 247?
4
What is the hundreds digit of 182?
1
What is the thousands digit of 23178?
3
What is the tens digit of 632?
3
What is the units digit of 1605?
5
What is the tens digit of 740?
4
What is the hundreds digit of 7870?
8
What is the tens digit of 6065?
6
What is the hundreds digit of 2633?
6
What is the hundreds digit of 22304?
3
What is the hundreds digit of 145434?
4
What is the hundreds digit of 47134?
1
What is the ten thousands digit of 30251?
3
What is the tens digit of 64737?
3
What is the thousands digit of 2977?
2
What is the tens digit of 1385?
8
What is the thousands digit of 27193?
7
What is the thousands digit of 2985?
2
What is the units digit of 668?
8
What is the ten thousands digit of 12480?
1
What is the tens digit of 1614?
1
What is the ten thousands digit of 10856?
1
What is the hundreds digit of 6210?
2
What is the units digit of 14027?
7
What is the tens digit of 814?
1
What is the thousands digit of 25486?
5
What is the thousands digit of 1168?
1
What is the units digit of 796?
6
What is the thousands digit of 26572?
6
What is the tens digit of 106202?
0
What is the hundreds digit of 3289?
2
What is the thousands digit of 6078?
6
What is the units digit of 443?
3
What is the tens digit of 2775?
7
What is the tens digit of 13010?
1
What is the units digit of 1151?
1
What is the hundreds digit of 998?
9
What is the hundreds digit of 1443?
4
What is the ten thousands digit of 19436?
1
What is the units digit of 3428?
8
What is the thousands digit of 1284?
1
What is the hundreds digit of 2248?
2
What is the tens digit of 215?
1
What is the units digit of 665?
5
What is the units digit of 758?
8
What is the units digit of 19408?
8
What is the units digit of 439?
9
What is the tens digit of 4074?
7
What is the hundreds digit of 74264?
2
What is the units digit of 867?
7
What is the thousands digit of 13945?
3
What is the units digit of 228?
8
What is the units digit of 887?
7
What is the tens digit of 2539?
3
What is the thousands digit of 4512?
4
What is the units digit of 1302?
2
What is the tens digit of 3033?
3
What is the hundreds digit of 743?
7
What is the hundreds digit of 1156?
1
What is the thousands digit of 3266?
3
What is the tens digit of 5302?
0
What is the tens digit of 68772?
7
What is the tens digit of 17210?
1
What is the units digit of 663?
3
What is the tens digit of 78304?
0
What is the tens digit of 54085?
8
What is the units digit of 463?
3
What is the units digit of 3268?
8
What is the tens digit of 360?
6
What is the units digit of 777?
7
What is the thousands digit of 5998?
5
What is the tens digit of 46668?
6
What is the tens digit of 5550?
5
What is the hundreds digit of 40071?
0
What is the units digit of 41088?
8
What is the units digit of 1332?
2
What is the tens digit of 5024?
2
What is the tens digit of 5573?
7
What is the thousands digit of 12792?
2
What is the tens digit of 24961?
6
What is the ten thousands digit of 12876?
1
What is the thousands digit of 53682?
3
What is the hundreds digit of 5122?
1
What is the tens digit of 1081?
8
What is the tens digit of 793?
9
What is the tens digit of 1007?
0
What is the tens digit of 21952?
5
What is the hundreds digit of 708?
7
What is the hundreds digit of 791?
7
What is the units digit of 567?
7
What is the units digit of 2028?
8
What is the thousands digit of 42485?
2
What is the thousands digit of 3658?
3
What is the units digit of 32064?
4
What is the tens digit of 3526?
2
What is the hundreds digit of 5720?
7
What is the units digit of 3567?
7
What is the thousands digit of 19255?
9
What is the tens digit of 209?
0
What is the units digit of 334?
4
What is the ten thousands digit of 27504?
2
What is the units digit of 2113?
3
What is the thousands digit of 5054?
5
What is the hundreds digit of 66700?
7
What is the ten thousands digit of 102602?
0
What is the thousands digit of 3764?
3
What is the units digit of 1440?
0
What is the hundreds digit of 64289?
2
What is the hundreds digit of 13371?
3
What is the hundreds digit of 3007?
0
What is the units digit of 1577?
7
What is the tens digit of 13238?
3
What is the thousands digit of 1271?
1
What is the hundreds digit of 149?
1
What is the units digit of 14988?
8
What is the thousands digit of 3453?
3
What is the hundreds digit of 890?
8
What is the hundreds digit of 295?
2
What is the hundreds digit of 520?
5
What is the hundreds digit of 5410?
4
What is the units digit of 97341?
1
What is the thousands digit of 92963?
2
What is the thousands digit of 3500?
3
What is the tens digit of 450?
5
What is the units digit of 960?
0
What is the tens digit of 1956?
5
What is the thousands digit of 2677?
2
What is the tens digit of 22858?
5
What is the tens digit of 641?
4
What is the units digit of 98731?
1
What is the hundreds digit of 1782?
7
What is the ten thousands digit of 53094?
5
What is the thousands digit of 1477?
1
What is the units digit of 62510?
0
What is the hundreds digit of 385?
3
What is the hundreds digit of 29417?
4
What is the tens digit of 5716?
1
What is the tens digit of 4646?
4
What is the hundreds digit of 1072?
0
What is the units digit of 2088?
8
What is the units digit of 1538?
8
What is the units digit of 28824?
4
What is the units digit of 6576?
6
What is the units digit of 623?
3
What is the thousands digit of 8898?
8
What is the tens digit of 143?
4
What is the ten thousands digit of 26750?
2
What is the hundreds digit of 11983?
9
What is the hundreds digit of 24143?
1
What is the hundreds digit of 9928?
9
What is the thousands digit of 11088?
1
What is the hundreds digit of 55306?
3
What is the thousands digit of 23639?
3
What is the hundreds digit of 466?
4
What is the tens digit of 8227?
2
What is the thousands digit of 7135?
7
What is the hundreds digit of 7654?
6
What is the hundreds digit of 5529?
5
What is the units digit of 9162?
2
What is the tens digit of 21559?
5
What is the hundreds digit of 756?
7
What is the tens digit of 825?
2
What is the hundred thousands digit of 128347?
1
What is the hundreds digit of 2912?
9
What is the tens digit of 5107?
0
What is the thousands digit of 9476?
9
What is the units digit of 37892?
2
What is the thousands digit of 20075?
0
What is the tens digit of 3560?
6
What is the thousands digit of 1931?
1
What is the ten thousands digit of 33087?
3
What is the units digit of 98?
8
What is the hundreds digit of 886?
8
What is the units digit of 5825?
5
What is the tens digit of 189654?
5
What is the thousands digit of 6515?
6
What is the tens digit of 6358?
5
What is the hundreds digit of 1801?
8
What is the units digit of 19808?
8
What is the units digit of 256?
6
What is the thousands digit of 2481?
2
What is the units digit of 103?
3
What is the units digit of 17982?
2
What is the units digit of 517?
7
What is the units digit of 4237?
7
What is the tens digit of 626?
2
What is the tens digit of 137?
3
What is the thousands digit of 24391?
4
What is the hundreds digit of 284?
2
What is the tens digit of 42106?
0
What is the thousands digit of 26267?
6
What is the hundreds digit of 192?
1
What is the ten t